{"id":7210,"date":"2023-06-06T01:41:01","date_gmt":"2023-06-05T23:41:01","guid":{"rendered":"https:\/\/festivalenluquecidos.com\/web2\/?page_id=7210"},"modified":"2023-06-15T17:14:22","modified_gmt":"2023-06-15T15:14:22","slug":"concurso-de-microrrelatos","status":"publish","type":"page","link":"https:\/\/festivalenluquecidos.com\/web2\/concurso-de-microrrelatos\/","title":{"rendered":"Concurso de Microrrelatos"},"content":{"rendered":"<p><strong>Bases de la convocatoria<br \/>\n<\/strong><span style=\"color: #ff0000;\">Concurso de microrrelatos \u201cEnluquecidos\u201d<\/span><\/p>\n<p><strong>G\u00e9nero:<\/strong> Micro-relato<br \/>\n<strong>Premio:<\/strong><br \/>\n<strong>Abierto a:<\/strong> mayores de 18 a\u00f1os en el \u00e1mbito nacional<br \/>\n<strong>Entidad convocante:<\/strong> Asociaci\u00f3n Enluquecidos<br \/>\n<strong>Pa\u00eds de la entidad convocante:<\/strong> Espa\u00f1a<br \/>\n<strong>Fecha de cierre:<\/strong> 31:07:2023<\/p>\n<p>Con motivo de la celebraci\u00f3n del II Festival de Mucho Humor \u201cEnluquecidos\u201d en la poblaci\u00f3n de Luco de Jiloca los pr\u00f3ximos d\u00edas 1, 2 y 3 de septiembre de 2023, la Asociaci\u00f3n Enluquecidos, gestora del festival, convoca un concurso de microrrelatos que se regir\u00e1 por las siguientes bases:<\/p>\n<p><strong><span style=\"color: #ff0000;\">1.<\/span> ORGANIZACI\u00d3N:<\/strong> El concurso est\u00e1 organizado por la Asociaci\u00f3n gestora del festival \u201cAsociaci\u00f3n Enluquecidos\u201d con domicilio en la calle Las Once, 7 44391, Luco de Jiloca, Teruel, con correo electr\u00f3nico hola@festivalenluquecidos.com<\/p>\n<p><strong><span style=\"color: #ff0000;\">2.<\/span> PARTICIPANTES:<\/strong> Los concursantes, que deber\u00e1n ser mayores de 18 a\u00f1os, presentar\u00e1n en todos los casos un \u00fanico trabajo, siendo desestimados, de no ser as\u00ed, todos. Cada participante no podr\u00e1 obtener m\u00e1s de un premio en el concurso. El certamen tiene car\u00e1cter nacional, por lo que s\u00f3lo podr\u00e1n presentarse ciudadanos nacidos o que vivan en el territorio.<\/p>\n<p><strong><span style=\"color: #ff0000;\">3.<\/span> TEM\u00c1TICA:<\/strong> Los textos que se presenten deber\u00e1n tener como tema o marco central la comedia, pudiendo presentar cualquier relato en el que incluyan temas humor\u00edsticos tales como chistes, chascarrillos, sainetes, juegos de palabras, parodias, charadas, historietas o adivinanzas.<\/p>\n<p><strong><span style=\"color: #ff0000;\">4.<\/span> ORIGINALES:<\/strong> Los trabajos presentados deber\u00e1n ser originales e in\u00e9ditos, que no hayan sido premiados anteriormente ni se presenten de forma simult\u00e1nea a otros cert\u00e1menes. Deben estar<br \/>\nescritos en espa\u00f1ol. Cada concursante podr\u00e1 presentar un \u00fanico microrrelato.<\/p>\n<p><strong><span style=\"color: #ff0000;\">5.<\/span> EXTENSI\u00d3N:<\/strong> Los microrrelatos tendr\u00e1n una extensi\u00f3n m\u00e1xima de 200 palabras (sin incluir el t\u00edtulo).<\/p>\n<p><strong><span style=\"color: #ff0000;\">6.<\/span> PRESENTACI\u00d3N:<\/strong> Los textos se enviar\u00e1n por correo electr\u00f3nico a la siguiente direcci\u00f3n: <a href=\"mailto:microrrelatosenluquecidos@festivalenluquecidos.com\">microrrelatosenluquecidos@festivalenluquecidos.com<\/a><br \/>\nEn el asunto del correo electr\u00f3nico deber\u00e1 figurar: \u201cPara el concurso de microrrelatos Enluquecidos\u201d. La presentaci\u00f3n se realizar\u00e1 bajo seud\u00f3nimo, mediante el sistema de plica. En el correo electr\u00f3nico se incluir\u00e1n \u00fanicamente dos documentos adjuntos en formato PDF:<\/p>\n<p>\u2022 Microrrelato. El nombre del documento pdf ser\u00e1: T\u00cdTULO DEL MICRORRELATO Y SEUD\u00d3NIMO. En este documento se deber\u00e1 incluir el texto encabezado por el t\u00edtulo del mismo, que a su vez ha de coincidir con el t\u00edtulo que conste en la plica, y en ning\u00fan caso deben de aparecer el nombre y apellidos del autor, tan s\u00f3lo el seud\u00f3nimo.<br \/>\n\u2022 Plica. El nombre del documento pdf ser\u00e1: PLICA y SEUD\u00d3NIMO. Deber\u00e1 incluir los siguientes datos personales: nombre y apellidos, seud\u00f3nimo, email y tel\u00e9fono de contacto.<br \/>\nEl incumplimiento de estos requisitos, en ambos casos, anula la participaci\u00f3n de los concursantes.<\/p>\n<p><strong><span style=\"color: #ff0000;\"><br \/>\n7.<\/span> PLAZO:<\/strong> El plazo de admisi\u00f3n de los microrrelatos comenzar\u00e1 el 1 de marzo de 2023 y finalizar\u00e1 el 31 de julio de 2023 a las 23:59 horas CET.<br \/>\nNo se admitir\u00e1 en el presente CERTAMEN ning\u00fan microrrelato enviado fuera de plazo y en general cualquier otro microrrelato que no cumpla las condiciones expresadas en las presentes bases.<\/p>\n<p><strong>8. PREMIOS:<\/strong> El concurso estar\u00e1 dotado con los siguientes premios:<\/p>\n<p><span style=\"color: #ff0000;\"><strong>-1er clasificado al RELATO M\u00c1S ENLUQUECIDO 250\u20ac<\/strong><br \/>\n<strong>-2 clasificado al RELATO CON M\u00c1S CARCAJADAS 100\u20ac<\/strong><br \/>\n<strong>-3er clasificado al RELATO M\u00c1S DIVERTIDO 50\u20ac<\/strong><\/span><\/p>\n<p><span style=\"color: #ff0000;\"><strong>9. <span style=\"color: #000000;\">DERECHOS:<\/span><\/strong><\/span> Teniendo en consideraci\u00f3n que la participaci\u00f3n es a trav\u00e9s de microrrelatos, el participante declara expresamente al concursar y bajo su responsabilidad la realidad y veracidad de lo indicado en los dos puntos siguientes y asume las consecuencias derivadas del falseamiento de tal declaraci\u00f3n, dejando indemne a \u201cAsociaci\u00f3n Enluquecidos\u201d en tal sentido:<\/p>\n<p><strong>1.<\/strong> Que el microrrelato enviado es una creaci\u00f3n del participante, enteramente original en todas las partes que la compongan, y est\u00e1 libre de cargas de propiedad intelectual. Esto es, que el microrrelato enviado est\u00e1 libre de acuerdos, contratos, licencias, cargas o grav\u00e1menes, y que no se haya inscrito en entidades de gesti\u00f3n colectiva de derechos (nacionales o internacionales).<br \/>\nQue en el caso de que el participante no sea el autor del microrrelato enviado o se incorporen obras ajenas, declara expresamente que ha obtenido todas las autorizaciones oportunas y deja indemne a \u201cAsociaci\u00f3n Enluquecidos\u201d de cualquier responsabilidad al respecto.<br \/>\nQue el microrrelato enviado no infringe derechos de propiedad intelectual y\/o industrial de terceros, salvo que se encuentren en dominio p\u00fablico, y exime de responsabilidad a \u201cAsociaci\u00f3n Enluquecidos\u201d, en caso de reclamaci\u00f3n por parte de terceros por la infracci\u00f3n de estos derechos.<br \/>\n<strong>2.<\/strong> Los microrrelatos ganadores y seleccionados como finalistas por el jurado podr\u00e1n ser publicados o difundidos por distintos medios de comunicaci\u00f3n o publicaciones.<\/p>\n<p><strong><span style=\"color: #ff0000;\">10.<\/span> JURADO:<\/strong> El jurado, cuya composici\u00f3n se dar\u00e1 a conocer tras emitirse el fallo, estar\u00e1 formado por personal de la \u201cAsociaci\u00f3n Enluquecidos\u201d, as\u00ed como de profesionales con experiencia en el \u00e1mbito del humor y la creaci\u00f3n literaria, y tendr\u00e1 plenas facultades de interpretar las bases y su decisi\u00f3n ser\u00e1 inapelable.<\/p>\n<p><strong><span style=\"color: #ff0000;\">11.<\/span> CRITERIOS:<\/strong> La valoraci\u00f3n se basar\u00e1 en criterios de originalidad, creatividad, calidad literaria y adecuaci\u00f3n al tema del concurso.<\/p>\n<p><strong><span style=\"color: #ff0000;\">12.<\/span> FALLO:<\/strong> El fallo del jurado se har\u00e1 p\u00fablico el d\u00eda 1 de septiembre de 2023, como parte del acto de Inauguraci\u00f3n del II Festival de Mucho Humor \u201cEnluquecidos\u201d de Luco de Jiloca. Los ganadores ser\u00e1n avisados en los d\u00edas previos al anuncio p\u00fablico. La resoluci\u00f3n se publicar\u00e1 en la web del festival, as\u00ed como en las redes sociales Facebook e Instagram del festival \u201cEnluquecidos\u201d.<\/p>\n<p><span style=\"color: #ff0000;\"><strong>13.<\/strong><\/span> La participaci\u00f3n en el concurso supone la aceptaci\u00f3n de estas bases y el incumplimiento de las mismas o de alguna de sus partes dar\u00e1 lugar a la exclusi\u00f3n del concurso.<\/p>\n<p>&nbsp;<\/p>\n<p><strong>Protecci\u00f3n de datos de car\u00e1cter personal<\/strong><br \/>\nLos datos personales de los participantes en el concurso ser\u00e1n utilizados exclusivamente para la consecuci\u00f3n de los fines previstos en estas bases legales, quedando excluido cualquier uso para el env\u00edo de comunicaciones de otra clase por parte de la \u201cAsociaci\u00f3n Enluquecidos\u201d, respetando en todo momento lo previsto en la normativa vigente en materia de protecci\u00f3n de datos de car\u00e1cter personal. Todas las personas<br \/>\nparticipantes pueden hacer uso de los derechos de acceso, rectificaci\u00f3n, cancelaci\u00f3n u oposici\u00f3n por las v\u00edas de comunicaci\u00f3n previstas en la Ley 39\/2015, de 1 de octubre, del Procedimiento Administrativo Com\u00fan de las Administraciones P\u00fablicas y a trav\u00e9s de correo electr\u00f3nico a trav\u00e9s de la siguiente direcci\u00f3n: <a href=\"mailto:microrrelatosenluquecidos@festivalenluquecidos.com\">microrrelatosenluquecidos@festivalenluquecidos.com<\/a><\/p>\n<div class=\"enlacepdf\"><a href=\"https:\/\/festivalenluquecidos.com\/web2\/wp-content\/uploads\/2023\/06\/Bases-concurso-micro-relatos.pdf\">Bases del concurso de Microrrelatos<\/a><\/div>\n","protected":false},"excerpt":{"rendered":"<p>Bases de la convocatoria Concurso de microrrelatos \u201cEnluquecidos\u201d G\u00e9nero: Micro-relato Premio: Abierto a: mayores de 18 a\u00f1os en el \u00e1mbito nacional Entidad convocante: Asociaci\u00f3n Enluquecidos Pa\u00eds de la entidad convocante: Espa\u00f1a Fecha de cierre: 31:07:2023 Con motivo de la celebraci\u00f3n del II Festival de Mucho Humor \u201cEnluquecidos\u201d en la poblaci\u00f3n de Luco de Jiloca los [&hellip;]<\/p>\n","protected":false},"author":1,"featured_media":0,"parent":0,"menu_order":0,"comment_status":"closed","ping_status":"closed","template":"","meta":{"footnotes":""},"class_list":["post-7210","page","type-page","status-publish","hentry"],"yoast_head":"<!-- This site is optimized with the Yoast SEO plugin v27.5 - https:\/\/yoast.com\/product\/yoast-seo-wordpress\/ -->\n<title>Concurso de Microrrelatos - II Festival Enluquecidos<\/title>\n<meta name=\"robots\" content=\"index, follow, max-snippet:-1, max-image-preview:large, max-video-preview:-1\" \/>\n<link rel=\"canonical\" href=\"https:\/\/festivalenluquecidos.com\/web2\/concurso-de-microrrelatos\/\" \/>\n<meta property=\"og:locale\" content=\"es_ES\" \/>\n<meta property=\"og:type\" content=\"article\" \/>\n<meta property=\"og:title\" content=\"Concurso de Microrrelatos - II Festival Enluquecidos\" \/>\n<meta property=\"og:description\" content=\"Bases de la convocatoria Concurso de microrrelatos \u201cEnluquecidos\u201d G\u00e9nero: Micro-relato Premio: Abierto a: mayores de 18 a\u00f1os en el \u00e1mbito nacional Entidad convocante: Asociaci\u00f3n Enluquecidos Pa\u00eds de la entidad convocante: Espa\u00f1a Fecha de cierre: 31:07:2023 Con motivo de la celebraci\u00f3n del II Festival de Mucho Humor \u201cEnluquecidos\u201d en la poblaci\u00f3n de Luco de Jiloca los [&hellip;]\" \/>\n<meta property=\"og:url\" content=\"https:\/\/festivalenluquecidos.com\/web2\/concurso-de-microrrelatos\/\" \/>\n<meta property=\"og:site_name\" content=\"II Festival Enluquecidos\" \/>\n<meta property=\"article:publisher\" content=\"https:\/\/www.facebook.com\/festivalenluquecidos\" \/>\n<meta property=\"article:modified_time\" content=\"2023-06-15T15:14:22+00:00\" \/>\n<meta name=\"twitter:card\" content=\"summary_large_image\" \/>\n<meta name=\"twitter:label1\" content=\"Tiempo de lectura\" \/>\n\t<meta name=\"twitter:data1\" content=\"5 minutos\" \/>\n<script type=\"application\/ld+json\" class=\"yoast-schema-graph\">{\"@context\":\"https:\\\/\\\/schema.org\",\"@graph\":[{\"@type\":\"WebPage\",\"@id\":\"https:\\\/\\\/festivalenluquecidos.com\\\/web2\\\/concurso-de-microrrelatos\\\/\",\"url\":\"https:\\\/\\\/festivalenluquecidos.com\\\/web2\\\/concurso-de-microrrelatos\\\/\",\"name\":\"Concurso de Microrrelatos - II Festival Enluquecidos\",\"isPartOf\":{\"@id\":\"https:\\\/\\\/festivalenluquecidos.com\\\/web2\\\/#website\"},\"datePublished\":\"2023-06-05T23:41:01+00:00\",\"dateModified\":\"2023-06-15T15:14:22+00:00\",\"breadcrumb\":{\"@id\":\"https:\\\/\\\/festivalenluquecidos.com\\\/web2\\\/concurso-de-microrrelatos\\\/#breadcrumb\"},\"inLanguage\":\"es\",\"potentialAction\":[{\"@type\":\"ReadAction\",\"target\":[\"https:\\\/\\\/festivalenluquecidos.com\\\/web2\\\/concurso-de-microrrelatos\\\/\"]}]},{\"@type\":\"BreadcrumbList\",\"@id\":\"https:\\\/\\\/festivalenluquecidos.com\\\/web2\\\/concurso-de-microrrelatos\\\/#breadcrumb\",\"itemListElement\":[{\"@type\":\"ListItem\",\"position\":1,\"name\":\"Home\",\"item\":\"https:\\\/\\\/festivalenluquecidos.com\\\/web2\\\/\"},{\"@type\":\"ListItem\",\"position\":2,\"name\":\"Concurso de Microrrelatos\"}]},{\"@type\":\"WebSite\",\"@id\":\"https:\\\/\\\/festivalenluquecidos.com\\\/web2\\\/#website\",\"url\":\"https:\\\/\\\/festivalenluquecidos.com\\\/web2\\\/\",\"name\":\"II Festival Enluquecidos\",\"description\":\"Del 1 al 3 de septiembre Luco de Jiloca, Teruel\",\"publisher\":{\"@id\":\"https:\\\/\\\/festivalenluquecidos.com\\\/web2\\\/#organization\"},\"potentialAction\":[{\"@type\":\"SearchAction\",\"target\":{\"@type\":\"EntryPoint\",\"urlTemplate\":\"https:\\\/\\\/festivalenluquecidos.com\\\/web2\\\/?s={search_term_string}\"},\"query-input\":{\"@type\":\"PropertyValueSpecification\",\"valueRequired\":true,\"valueName\":\"search_term_string\"}}],\"inLanguage\":\"es\"},{\"@type\":\"Organization\",\"@id\":\"https:\\\/\\\/festivalenluquecidos.com\\\/web2\\\/#organization\",\"name\":\"II Festival Enluquecidos\",\"url\":\"https:\\\/\\\/festivalenluquecidos.com\\\/web2\\\/\",\"logo\":{\"@type\":\"ImageObject\",\"inLanguage\":\"es\",\"@id\":\"https:\\\/\\\/festivalenluquecidos.com\\\/web2\\\/#\\\/schema\\\/logo\\\/image\\\/\",\"url\":\"https:\\\/\\\/i0.wp.com\\\/festivalenluquecidos.com\\\/web2\\\/wp-content\\\/uploads\\\/2022\\\/11\\\/logo-enluquecidos.png?fit=370%2C175&ssl=1\",\"contentUrl\":\"https:\\\/\\\/i0.wp.com\\\/festivalenluquecidos.com\\\/web2\\\/wp-content\\\/uploads\\\/2022\\\/11\\\/logo-enluquecidos.png?fit=370%2C175&ssl=1\",\"width\":370,\"height\":175,\"caption\":\"II Festival Enluquecidos\"},\"image\":{\"@id\":\"https:\\\/\\\/festivalenluquecidos.com\\\/web2\\\/#\\\/schema\\\/logo\\\/image\\\/\"},\"sameAs\":[\"https:\\\/\\\/www.facebook.com\\\/festivalenluquecidos\",\"https:\\\/\\\/www.instagram.com\\\/festivalenluquecidos\\\/\"]}]}<\/script>\n<!-- \/ Yoast SEO plugin. -->","yoast_head_json":{"title":"Concurso de Microrrelatos - II Festival Enluquecidos","robots":{"index":"index","follow":"follow","max-snippet":"max-snippet:-1","max-image-preview":"max-image-preview:large","max-video-preview":"max-video-preview:-1"},"canonical":"https:\/\/festivalenluquecidos.com\/web2\/concurso-de-microrrelatos\/","og_locale":"es_ES","og_type":"article","og_title":"Concurso de Microrrelatos - II Festival Enluquecidos","og_description":"Bases de la convocatoria Concurso de microrrelatos \u201cEnluquecidos\u201d G\u00e9nero: Micro-relato Premio: Abierto a: mayores de 18 a\u00f1os en el \u00e1mbito nacional Entidad convocante: Asociaci\u00f3n Enluquecidos Pa\u00eds de la entidad convocante: Espa\u00f1a Fecha de cierre: 31:07:2023 Con motivo de la celebraci\u00f3n del II Festival de Mucho Humor \u201cEnluquecidos\u201d en la poblaci\u00f3n de Luco de Jiloca los [&hellip;]","og_url":"https:\/\/festivalenluquecidos.com\/web2\/concurso-de-microrrelatos\/","og_site_name":"II Festival Enluquecidos","article_publisher":"https:\/\/www.facebook.com\/festivalenluquecidos","article_modified_time":"2023-06-15T15:14:22+00:00","twitter_card":"summary_large_image","twitter_misc":{"Tiempo de lectura":"5 minutos"},"schema":{"@context":"https:\/\/schema.org","@graph":[{"@type":"WebPage","@id":"https:\/\/festivalenluquecidos.com\/web2\/concurso-de-microrrelatos\/","url":"https:\/\/festivalenluquecidos.com\/web2\/concurso-de-microrrelatos\/","name":"Concurso de Microrrelatos - II Festival Enluquecidos","isPartOf":{"@id":"https:\/\/festivalenluquecidos.com\/web2\/#website"},"datePublished":"2023-06-05T23:41:01+00:00","dateModified":"2023-06-15T15:14:22+00:00","breadcrumb":{"@id":"https:\/\/festivalenluquecidos.com\/web2\/concurso-de-microrrelatos\/#breadcrumb"},"inLanguage":"es","potentialAction":[{"@type":"ReadAction","target":["https:\/\/festivalenluquecidos.com\/web2\/concurso-de-microrrelatos\/"]}]},{"@type":"BreadcrumbList","@id":"https:\/\/festivalenluquecidos.com\/web2\/concurso-de-microrrelatos\/#breadcrumb","itemListElement":[{"@type":"ListItem","position":1,"name":"Home","item":"https:\/\/festivalenluquecidos.com\/web2\/"},{"@type":"ListItem","position":2,"name":"Concurso de Microrrelatos"}]},{"@type":"WebSite","@id":"https:\/\/festivalenluquecidos.com\/web2\/#website","url":"https:\/\/festivalenluquecidos.com\/web2\/","name":"II Festival Enluquecidos","description":"Del 1 al 3 de septiembre Luco de Jiloca, Teruel","publisher":{"@id":"https:\/\/festivalenluquecidos.com\/web2\/#organization"},"potentialAction":[{"@type":"SearchAction","target":{"@type":"EntryPoint","urlTemplate":"https:\/\/festivalenluquecidos.com\/web2\/?s={search_term_string}"},"query-input":{"@type":"PropertyValueSpecification","valueRequired":true,"valueName":"search_term_string"}}],"inLanguage":"es"},{"@type":"Organization","@id":"https:\/\/festivalenluquecidos.com\/web2\/#organization","name":"II Festival Enluquecidos","url":"https:\/\/festivalenluquecidos.com\/web2\/","logo":{"@type":"ImageObject","inLanguage":"es","@id":"https:\/\/festivalenluquecidos.com\/web2\/#\/schema\/logo\/image\/","url":"https:\/\/i0.wp.com\/festivalenluquecidos.com\/web2\/wp-content\/uploads\/2022\/11\/logo-enluquecidos.png?fit=370%2C175&ssl=1","contentUrl":"https:\/\/i0.wp.com\/festivalenluquecidos.com\/web2\/wp-content\/uploads\/2022\/11\/logo-enluquecidos.png?fit=370%2C175&ssl=1","width":370,"height":175,"caption":"II Festival Enluquecidos"},"image":{"@id":"https:\/\/festivalenluquecidos.com\/web2\/#\/schema\/logo\/image\/"},"sameAs":["https:\/\/www.facebook.com\/festivalenluquecidos","https:\/\/www.instagram.com\/festivalenluquecidos\/"]}]}},"_links":{"self":[{"href":"https:\/\/festivalenluquecidos.com\/web2\/wp-json\/wp\/v2\/pages\/7210","targetHints":{"allow":["GET"]}}],"collection":[{"href":"https:\/\/festivalenluquecidos.com\/web2\/wp-json\/wp\/v2\/pages"}],"about":[{"href":"https:\/\/festivalenluquecidos.com\/web2\/wp-json\/wp\/v2\/types\/page"}],"author":[{"embeddable":true,"href":"https:\/\/festivalenluquecidos.com\/web2\/wp-json\/wp\/v2\/users\/1"}],"replies":[{"embeddable":true,"href":"https:\/\/festivalenluquecidos.com\/web2\/wp-json\/wp\/v2\/comments?post=7210"}],"version-history":[{"count":8,"href":"https:\/\/festivalenluquecidos.com\/web2\/wp-json\/wp\/v2\/pages\/7210\/revisions"}],"predecessor-version":[{"id":7331,"href":"https:\/\/festivalenluquecidos.com\/web2\/wp-json\/wp\/v2\/pages\/7210\/revisions\/7331"}],"wp:attachment":[{"href":"https:\/\/festivalenluquecidos.com\/web2\/wp-json\/wp\/v2\/media?parent=7210"}],"curies":[{"name":"wp","href":"https:\/\/api.w.org\/{rel}","templated":true}]}}